{"id":7434,"date":"2025-06-24T08:18:20","date_gmt":"2025-06-24T08:18:20","guid":{"rendered":"https:\/\/x-ploregroup.com\/travelsandexpeditions\/?post_type=product&#038;p=7434"},"modified":"2025-06-24T08:39:29","modified_gmt":"2025-06-24T08:39:29","slug":"santo-tome-y-principe-el-eden-africano","status":"publish","type":"product","link":"https:\/\/x-ploregroup.com\/travelsandexpeditions\/producto\/santo-tome-y-principe-el-eden-africano\/","title":{"rendered":"SANTO TOM\u00c9 Y PR\u00cdNCIPE &#8211; El Ed\u00e9n Africano"},"content":{"rendered":"\t\t<div data-elementor-type=\"wp-post\" data-elementor-id=\"7434\" class=\"elementor elementor-7434\">\n\t\t\t\t\t\t<section class=\"elementor-section elementor-top-section elementor-element elementor-element-ec12419 elementor-section-boxed elementor-section-height-default elementor-section-height-default\" data-id=\"ec12419\" data-element_type=\"section\">\n\t\t\t\t\t\t<div class=\"elementor-container elementor-column-gap-default\">\n\t\t\t\t\t<div class=\"elementor-column elementor-col-100 elementor-top-column elementor-element elementor-element-9ab89f1\" data-id=\"9ab89f1\" data-element_type=\"column\">\n\t\t\t<div class=\"elementor-widget-wrap elementor-element-populated\">\n\t\t\t\t\t\t<div class=\"elementor-element elementor-element-f3d2869 elementor-widget elementor-widget-heading\" data-id=\"f3d2869\" data-element_type=\"widget\" data-widget_type=\"heading.default\">\n\t\t\t\t<div class=\"elementor-widget-container\">\n\t\t\t\t\t<h3 class=\"elementor-heading-title elementor-size-default\">Santo tom\u00e9 y pr\u00edncipe - el ed\u00e9n africano<\/h3>\t\t\t\t<\/div>\n\t\t\t\t<\/div>\n\t\t\t\t\t<\/div>\n\t\t<\/div>\n\t\t\t\t\t<\/div>\n\t\t<\/section>\n\t\t\t\t<section class=\"elementor-section elementor-top-section elementor-element elementor-element-a51d182 elementor-section-boxed elementor-section-height-default elementor-section-height-default\" data-id=\"a51d182\" data-element_type=\"section\">\n\t\t\t\t\t\t<div class=\"elementor-container elementor-column-gap-default\">\n\t\t\t\t\t<div class=\"elementor-column elementor-col-100 elementor-top-column elementor-element elementor-element-c41c432\" data-id=\"c41c432\" data-element_type=\"column\">\n\t\t\t<div class=\"elementor-widget-wrap elementor-element-populated\">\n\t\t\t\t\t\t<div class=\"elementor-element elementor-element-cb76576 elementor-widget elementor-widget-text-editor\" data-id=\"cb76576\" data-element_type=\"widget\" data-widget_type=\"text-editor.default\">\n\t\t\t\t<div class=\"elementor-widget-container\">\n\t\t\t\t\t\t\t\t\t<p>Entre palmeras, baobabs y \u00e1rboles majestuosos cuyas horas parecen rozar el cielo, Santo Tom\u00e9 y Pr\u00edncipe se alza como un fragmento pr\u00edstino de verdor y flores flotando en el Golfo de Guinea. Este para\u00edso insular, all\u00e1 donde nacen el cacao, la vainilla y el caf\u00e9, fue durante siglos colonia portuguesa, de la que alcanz\u00f3 su independencia en 1975. Un rinc\u00f3n tan remoto que cuesta ubicarlo en el mapa y del que pocos han o\u00eddo hablar, situ\u00e1ndose habitualmente entre los destinos menos visitados del mundo. Una joya singular que, gracias a su aislamiento del turismo masivo, conserva intactos sus paisajes v\u00edrgenes, ofreciendo a los viajeros una experiencia \u00fanica y sorprendente. Y tambi\u00e9n segura en un pa\u00eds pac\u00edfico alejado de conflictos donde la vida se mide bajo el lema \u201cleve-leve\u201d, consecuencia de un ritmo sosegado que lo hace a\u00fan m\u00e1s disfrut\u00f3n para quienes aterrizan ojipl\u00e1ticos en esta peque\u00f1a naci\u00f3n isle\u00f1a de origen volc\u00e1nico.<\/p><p>\u00a0<\/p><p>Descubre desde selvas primarias, chimeneas volc\u00e1nicas y playas de ensue\u00f1o hasta encuentros culturales en pueblos de pescadores y antiguas ro\u00e7as o haciendas de cacao. Porque este archipi\u00e9lago no s\u00f3lo deslumbra con su naturaleza, sino tambi\u00e9n con la calidez de su gente, y una gastronom\u00eda exquisita, que convierte cada recorrido en una experiencia \u00fanica. Santo Tom\u00e9 y Pr\u00edncipe es, sin duda, una de las formas m\u00e1s emocionantes y gratificantes de adentrarse en el coraz\u00f3n de \u00c1frica y de demostrar que a\u00fan nos quedan lugares aut\u00e9nticos donde sorprendernos.<\/p>\t\t\t\t\t\t\t\t<\/div>\n\t\t\t\t<\/div>\n\t\t\t\t\t<\/div>\n\t\t<\/div>\n\t\t\t\t\t<\/div>\n\t\t<\/section>\n\t\t\t\t<section class=\"elementor-section elementor-top-section elementor-element elementor-element-e09d162 elementor-section-boxed elementor-section-height-default elementor-section-height-default\" data-id=\"e09d162\" data-element_type=\"section\">\n\t\t\t\t\t\t<div class=\"elementor-container elementor-column-gap-default\">\n\t\t\t\t\t<div class=\"elementor-column elementor-col-100 elementor-top-column elementor-element elementor-element-6aff5a8\" data-id=\"6aff5a8\" data-element_type=\"column\">\n\t\t\t<div class=\"elementor-widget-wrap elementor-element-populated\">\n\t\t\t\t\t\t<div class=\"elementor-element elementor-element-38c9cb9 elementor-widget elementor-widget-image-gallery\" data-id=\"38c9cb9\" data-element_type=\"widget\" data-widget_type=\"image-gallery.default\">\n\t\t\t\t<div class=\"elementor-widget-container\">\n\t\t\t\t\t\t\t<div class=\"elementor-image-gallery\">\n\t\t\t<div id='gallery-1' class='gallery galleryid-7434 gallery-columns-3 gallery-size-full'><figure class='gallery-item'>\n\t\t\t<div class='gallery-icon landscape'>\n\t\t\t\t<a data-elementor-open-lightbox=\"yes\" data-elementor-lightbox-slideshow=\"38c9cb9\" data-elementor-lightbox-title=\"1\" data-e-action-hash=\"#elementor-action%3Aaction%3Dlightbox%26settings%3DeyJpZCI6NzQ0MCwidXJsIjoiaHR0cHM6XC9cL3gtcGxvcmVncm91cC5jb21cL3RyYXZlbHNhbmRleHBlZGl0aW9uc1wvd3AtY29udGVudFwvdXBsb2Fkc1wvMjAyNVwvMDZcLzEuanBnIiwic2xpZGVzaG93IjoiMzhjOWNiOSJ9\" href='https:\/\/x-ploregroup.com\/travelsandexpeditions\/wp-content\/uploads\/2025\/06\/1.jpg'><img fetchpriority=\"high\" decoding=\"async\" width=\"1620\" height=\"1080\" src=\"https:\/\/x-ploregroup.com\/travelsandexpeditions\/wp-content\/uploads\/2025\/06\/1.jpg\" class=\"attachment-full size-full\" alt=\"\" srcset=\"https:\/\/x-ploregroup.com\/travelsandexpeditions\/wp-content\/uploads\/2025\/06\/1.jpg 1620w, https:\/\/x-ploregroup.com\/travelsandexpeditions\/wp-content\/uploads\/2025\/06\/1-600x400.jpg 600w, https:\/\/x-ploregroup.com\/travelsandexpeditions\/wp-content\/uploads\/2025\/06\/1-585x390.jpg 585w, https:\/\/x-ploregroup.com\/travelsandexpeditions\/wp-content\/uploads\/2025\/06\/1-768x512.jpg 768w, https:\/\/x-ploregroup.com\/travelsandexpeditions\/wp-content\/uploads\/2025\/06\/1-1536x1024.jpg 1536w, https:\/\/x-ploregroup.com\/travelsandexpeditions\/wp-content\/uploads\/2025\/06\/1-332x221.jpg 332w, https:\/\/x-ploregroup.com\/travelsandexpeditions\/wp-content\/uploads\/2025\/06\/1-220x147.jpg 220w\" sizes=\"(max-width: 1620px) 100vw, 1620px\" \/><\/a>\n\t\t\t<\/div><\/figure><figure class='gallery-item'>\n\t\t\t<div class='gallery-icon landscape'>\n\t\t\t\t<a data-elementor-open-lightbox=\"yes\" data-elementor-lightbox-slideshow=\"38c9cb9\" data-elementor-lightbox-title=\"2\" data-e-action-hash=\"#elementor-action%3Aaction%3Dlightbox%26settings%3DeyJpZCI6NzQ0MSwidXJsIjoiaHR0cHM6XC9cL3gtcGxvcmVncm91cC5jb21cL3RyYXZlbHNhbmRleHBlZGl0aW9uc1wvd3AtY29udGVudFwvdXBsb2Fkc1wvMjAyNVwvMDZcLzIuanBnIiwic2xpZGVzaG93IjoiMzhjOWNiOSJ9\" href='https:\/\/x-ploregroup.com\/travelsandexpeditions\/wp-content\/uploads\/2025\/06\/2.jpg'><img decoding=\"async\" width=\"1620\" height=\"1078\" src=\"https:\/\/x-ploregroup.com\/travelsandexpeditions\/wp-content\/uploads\/2025\/06\/2.jpg\" class=\"attachment-full size-full\" alt=\"\" srcset=\"https:\/\/x-ploregroup.com\/travelsandexpeditions\/wp-content\/uploads\/2025\/06\/2.jpg 1620w, https:\/\/x-ploregroup.com\/travelsandexpeditions\/wp-content\/uploads\/2025\/06\/2-601x400.jpg 601w, https:\/\/x-ploregroup.com\/travelsandexpeditions\/wp-content\/uploads\/2025\/06\/2-586x390.jpg 586w, https:\/\/x-ploregroup.com\/travelsandexpeditions\/wp-content\/uploads\/2025\/06\/2-768x511.jpg 768w, https:\/\/x-ploregroup.com\/travelsandexpeditions\/wp-content\/uploads\/2025\/06\/2-1536x1022.jpg 1536w, https:\/\/x-ploregroup.com\/travelsandexpeditions\/wp-content\/uploads\/2025\/06\/2-332x221.jpg 332w, https:\/\/x-ploregroup.com\/travelsandexpeditions\/wp-content\/uploads\/2025\/06\/2-220x147.jpg 220w\" sizes=\"(max-width: 1620px) 100vw, 1620px\" \/><\/a>\n\t\t\t<\/div><\/figure><figure class='gallery-item'>\n\t\t\t<div class='gallery-icon landscape'>\n\t\t\t\t<a data-elementor-open-lightbox=\"yes\" data-elementor-lightbox-slideshow=\"38c9cb9\" data-elementor-lightbox-title=\"3\" data-e-action-hash=\"#elementor-action%3Aaction%3Dlightbox%26settings%3DeyJpZCI6NzQ0MiwidXJsIjoiaHR0cHM6XC9cL3gtcGxvcmVncm91cC5jb21cL3RyYXZlbHNhbmRleHBlZGl0aW9uc1wvd3AtY29udGVudFwvdXBsb2Fkc1wvMjAyNVwvMDZcLzMuanBnIiwic2xpZGVzaG93IjoiMzhjOWNiOSJ9\" href='https:\/\/x-ploregroup.com\/travelsandexpeditions\/wp-content\/uploads\/2025\/06\/3.jpg'><img decoding=\"async\" width=\"1620\" height=\"1078\" src=\"https:\/\/x-ploregroup.com\/travelsandexpeditions\/wp-content\/uploads\/2025\/06\/3.jpg\" class=\"attachment-full size-full\" alt=\"\" srcset=\"https:\/\/x-ploregroup.com\/travelsandexpeditions\/wp-content\/uploads\/2025\/06\/3.jpg 1620w, https:\/\/x-ploregroup.com\/travelsandexpeditions\/wp-content\/uploads\/2025\/06\/3-601x400.jpg 601w, https:\/\/x-ploregroup.com\/travelsandexpeditions\/wp-content\/uploads\/2025\/06\/3-586x390.jpg 586w, https:\/\/x-ploregroup.com\/travelsandexpeditions\/wp-content\/uploads\/2025\/06\/3-768x511.jpg 768w, https:\/\/x-ploregroup.com\/travelsandexpeditions\/wp-content\/uploads\/2025\/06\/3-1536x1022.jpg 1536w, https:\/\/x-ploregroup.com\/travelsandexpeditions\/wp-content\/uploads\/2025\/06\/3-332x221.jpg 332w, https:\/\/x-ploregroup.com\/travelsandexpeditions\/wp-content\/uploads\/2025\/06\/3-220x147.jpg 220w\" sizes=\"(max-width: 1620px) 100vw, 1620px\" \/><\/a>\n\t\t\t<\/div><\/figure><figure class='gallery-item'>\n\t\t\t<div class='gallery-icon landscape'>\n\t\t\t\t<a data-elementor-open-lightbox=\"yes\" data-elementor-lightbox-slideshow=\"38c9cb9\" data-elementor-lightbox-title=\"467980311_10160312077392890_7053699017402501906_n\" data-e-action-hash=\"#elementor-action%3Aaction%3Dlightbox%26settings%3DeyJpZCI6NzQ0MywidXJsIjoiaHR0cHM6XC9cL3gtcGxvcmVncm91cC5jb21cL3RyYXZlbHNhbmRleHBlZGl0aW9uc1wvd3AtY29udGVudFwvdXBsb2Fkc1wvMjAyNVwvMDZcLzQ2Nzk4MDMxMV8xMDE2MDMxMjA3NzM5Mjg5MF83MDUzNjk5MDE3NDAyNTAxOTA2X24uanBnIiwic2xpZGVzaG93IjoiMzhjOWNiOSJ9\" href='https:\/\/x-ploregroup.com\/travelsandexpeditions\/wp-content\/uploads\/2025\/06\/467980311_10160312077392890_7053699017402501906_n.jpg'><img loading=\"lazy\" decoding=\"async\" width=\"1620\" height=\"1080\" src=\"https:\/\/x-ploregroup.com\/travelsandexpeditions\/wp-content\/uploads\/2025\/06\/467980311_10160312077392890_7053699017402501906_n.jpg\" class=\"attachment-full size-full\" alt=\"\" srcset=\"https:\/\/x-ploregroup.com\/travelsandexpeditions\/wp-content\/uploads\/2025\/06\/467980311_10160312077392890_7053699017402501906_n.jpg 1620w, https:\/\/x-ploregroup.com\/travelsandexpeditions\/wp-content\/uploads\/2025\/06\/467980311_10160312077392890_7053699017402501906_n-600x400.jpg 600w, https:\/\/x-ploregroup.com\/travelsandexpeditions\/wp-content\/uploads\/2025\/06\/467980311_10160312077392890_7053699017402501906_n-585x390.jpg 585w, https:\/\/x-ploregroup.com\/travelsandexpeditions\/wp-content\/uploads\/2025\/06\/467980311_10160312077392890_7053699017402501906_n-768x512.jpg 768w, https:\/\/x-ploregroup.com\/travelsandexpeditions\/wp-content\/uploads\/2025\/06\/467980311_10160312077392890_7053699017402501906_n-1536x1024.jpg 1536w, https:\/\/x-ploregroup.com\/travelsandexpeditions\/wp-content\/uploads\/2025\/06\/467980311_10160312077392890_7053699017402501906_n-332x221.jpg 332w, https:\/\/x-ploregroup.com\/travelsandexpeditions\/wp-content\/uploads\/2025\/06\/467980311_10160312077392890_7053699017402501906_n-220x147.jpg 220w\" sizes=\"(max-width: 1620px) 100vw, 1620px\" \/><\/a>\n\t\t\t<\/div><\/figure><figure class='gallery-item'>\n\t\t\t<div class='gallery-icon landscape'>\n\t\t\t\t<a data-elementor-open-lightbox=\"yes\" data-elementor-lightbox-slideshow=\"38c9cb9\" data-elementor-lightbox-title=\"468241578_10160312075647890_7996530736956013821_n\" data-e-action-hash=\"#elementor-action%3Aaction%3Dlightbox%26settings%3DeyJpZCI6NzQ0NSwidXJsIjoiaHR0cHM6XC9cL3gtcGxvcmVncm91cC5jb21cL3RyYXZlbHNhbmRleHBlZGl0aW9uc1wvd3AtY29udGVudFwvdXBsb2Fkc1wvMjAyNVwvMDZcLzQ2ODI0MTU3OF8xMDE2MDMxMjA3NTY0Nzg5MF83OTk2NTMwNzM2OTU2MDEzODIxX24uanBnIiwic2xpZGVzaG93IjoiMzhjOWNiOSJ9\" href='https:\/\/x-ploregroup.com\/travelsandexpeditions\/wp-content\/uploads\/2025\/06\/468241578_10160312075647890_7996530736956013821_n.jpg'><img loading=\"lazy\" decoding=\"async\" width=\"1620\" height=\"1080\" src=\"https:\/\/x-ploregroup.com\/travelsandexpeditions\/wp-content\/uploads\/2025\/06\/468241578_10160312075647890_7996530736956013821_n.jpg\" class=\"attachment-full size-full\" alt=\"\" srcset=\"https:\/\/x-ploregroup.com\/travelsandexpeditions\/wp-content\/uploads\/2025\/06\/468241578_10160312075647890_7996530736956013821_n.jpg 1620w, https:\/\/x-ploregroup.com\/travelsandexpeditions\/wp-content\/uploads\/2025\/06\/468241578_10160312075647890_7996530736956013821_n-600x400.jpg 600w, https:\/\/x-ploregroup.com\/travelsandexpeditions\/wp-content\/uploads\/2025\/06\/468241578_10160312075647890_7996530736956013821_n-585x390.jpg 585w, https:\/\/x-ploregroup.com\/travelsandexpeditions\/wp-content\/uploads\/2025\/06\/468241578_10160312075647890_7996530736956013821_n-768x512.jpg 768w, https:\/\/x-ploregroup.com\/travelsandexpeditions\/wp-content\/uploads\/2025\/06\/468241578_10160312075647890_7996530736956013821_n-1536x1024.jpg 1536w, https:\/\/x-ploregroup.com\/travelsandexpeditions\/wp-content\/uploads\/2025\/06\/468241578_10160312075647890_7996530736956013821_n-332x221.jpg 332w, https:\/\/x-ploregroup.com\/travelsandexpeditions\/wp-content\/uploads\/2025\/06\/468241578_10160312075647890_7996530736956013821_n-220x147.jpg 220w\" sizes=\"(max-width: 1620px) 100vw, 1620px\" \/><\/a>\n\t\t\t<\/div><\/figure><figure class='gallery-item'>\n\t\t\t<div class='gallery-icon landscape'>\n\t\t\t\t<a data-elementor-open-lightbox=\"yes\" data-elementor-lightbox-slideshow=\"38c9cb9\" data-elementor-lightbox-title=\"Sao Tome\" data-e-action-hash=\"#elementor-action%3Aaction%3Dlightbox%26settings%3DeyJpZCI6NzQ0NiwidXJsIjoiaHR0cHM6XC9cL3gtcGxvcmVncm91cC5jb21cL3RyYXZlbHNhbmRleHBlZGl0aW9uc1wvd3AtY29udGVudFwvdXBsb2Fkc1wvMjAyNVwvMDZcL1Nhby1Ub21lLTIuanBnIiwic2xpZGVzaG93IjoiMzhjOWNiOSJ9\" href='https:\/\/x-ploregroup.com\/travelsandexpeditions\/wp-content\/uploads\/2025\/06\/Sao-Tome-2.jpg'><img loading=\"lazy\" decoding=\"async\" width=\"1620\" height=\"1080\" src=\"https:\/\/x-ploregroup.com\/travelsandexpeditions\/wp-content\/uploads\/2025\/06\/Sao-Tome-2.jpg\" class=\"attachment-full size-full\" alt=\"\" srcset=\"https:\/\/x-ploregroup.com\/travelsandexpeditions\/wp-content\/uploads\/2025\/06\/Sao-Tome-2.jpg 1620w, https:\/\/x-ploregroup.com\/travelsandexpeditions\/wp-content\/uploads\/2025\/06\/Sao-Tome-2-600x400.jpg 600w, https:\/\/x-ploregroup.com\/travelsandexpeditions\/wp-content\/uploads\/2025\/06\/Sao-Tome-2-585x390.jpg 585w, https:\/\/x-ploregroup.com\/travelsandexpeditions\/wp-content\/uploads\/2025\/06\/Sao-Tome-2-768x512.jpg 768w, https:\/\/x-ploregroup.com\/travelsandexpeditions\/wp-content\/uploads\/2025\/06\/Sao-Tome-2-1536x1024.jpg 1536w, https:\/\/x-ploregroup.com\/travelsandexpeditions\/wp-content\/uploads\/2025\/06\/Sao-Tome-2-332x221.jpg 332w, https:\/\/x-ploregroup.com\/travelsandexpeditions\/wp-content\/uploads\/2025\/06\/Sao-Tome-2-220x147.jpg 220w\" sizes=\"(max-width: 1620px) 100vw, 1620px\" \/><\/a>\n\t\t\t<\/div><\/figure><figure class='gallery-item'>\n\t\t\t<div class='gallery-icon landscape'>\n\t\t\t\t<a data-elementor-open-lightbox=\"yes\" data-elementor-lightbox-slideshow=\"38c9cb9\" data-elementor-lightbox-title=\"468064156_10160319134982890_8075131250077772165_n\" data-e-action-hash=\"#elementor-action%3Aaction%3Dlightbox%26settings%3DeyJpZCI6NzQ0NywidXJsIjoiaHR0cHM6XC9cL3gtcGxvcmVncm91cC5jb21cL3RyYXZlbHNhbmRleHBlZGl0aW9uc1wvd3AtY29udGVudFwvdXBsb2Fkc1wvMjAyNVwvMDZcLzQ2ODA2NDE1Nl8xMDE2MDMxOTEzNDk4Mjg5MF84MDc1MTMxMjUwMDc3NzcyMTY1X24tMi5qcGciLCJzbGlkZXNob3ciOiIzOGM5Y2I5In0%3D\" href='https:\/\/x-ploregroup.com\/travelsandexpeditions\/wp-content\/uploads\/2025\/06\/468064156_10160319134982890_8075131250077772165_n-2.jpg'><img loading=\"lazy\" decoding=\"async\" width=\"1986\" height=\"1322\" src=\"https:\/\/x-ploregroup.com\/travelsandexpeditions\/wp-content\/uploads\/2025\/06\/468064156_10160319134982890_8075131250077772165_n-2.jpg\" class=\"attachment-full size-full\" alt=\"\" srcset=\"https:\/\/x-ploregroup.com\/travelsandexpeditions\/wp-content\/uploads\/2025\/06\/468064156_10160319134982890_8075131250077772165_n-2.jpg 1986w, https:\/\/x-ploregroup.com\/travelsandexpeditions\/wp-content\/uploads\/2025\/06\/468064156_10160319134982890_8075131250077772165_n-2-601x400.jpg 601w, https:\/\/x-ploregroup.com\/travelsandexpeditions\/wp-content\/uploads\/2025\/06\/468064156_10160319134982890_8075131250077772165_n-2-586x390.jpg 586w, https:\/\/x-ploregroup.com\/travelsandexpeditions\/wp-content\/uploads\/2025\/06\/468064156_10160319134982890_8075131250077772165_n-2-768x511.jpg 768w, https:\/\/x-ploregroup.com\/travelsandexpeditions\/wp-content\/uploads\/2025\/06\/468064156_10160319134982890_8075131250077772165_n-2-1536x1022.jpg 1536w, https:\/\/x-ploregroup.com\/travelsandexpeditions\/wp-content\/uploads\/2025\/06\/468064156_10160319134982890_8075131250077772165_n-2-332x221.jpg 332w, https:\/\/x-ploregroup.com\/travelsandexpeditions\/wp-content\/uploads\/2025\/06\/468064156_10160319134982890_8075131250077772165_n-2-220x147.jpg 220w\" sizes=\"(max-width: 1986px) 100vw, 1986px\" \/><\/a>\n\t\t\t<\/div><\/figure><figure class='gallery-item'>\n\t\t\t<div class='gallery-icon landscape'>\n\t\t\t\t<a data-elementor-open-lightbox=\"yes\" data-elementor-lightbox-slideshow=\"38c9cb9\" data-elementor-lightbox-title=\"468130666_10160312077427890_2363975408942051372_n\" data-e-action-hash=\"#elementor-action%3Aaction%3Dlightbox%26settings%3DeyJpZCI6NzQ0OCwidXJsIjoiaHR0cHM6XC9cL3gtcGxvcmVncm91cC5jb21cL3RyYXZlbHNhbmRleHBlZGl0aW9uc1wvd3AtY29udGVudFwvdXBsb2Fkc1wvMjAyNVwvMDZcLzQ2ODEzMDY2Nl8xMDE2MDMxMjA3NzQyNzg5MF8yMzYzOTc1NDA4OTQyMDUxMzcyX24uanBnIiwic2xpZGVzaG93IjoiMzhjOWNiOSJ9\" href='https:\/\/x-ploregroup.com\/travelsandexpeditions\/wp-content\/uploads\/2025\/06\/468130666_10160312077427890_2363975408942051372_n.jpg'><img loading=\"lazy\" decoding=\"async\" width=\"1620\" height=\"1080\" src=\"https:\/\/x-ploregroup.com\/travelsandexpeditions\/wp-content\/uploads\/2025\/06\/468130666_10160312077427890_2363975408942051372_n.jpg\" class=\"attachment-full size-full\" alt=\"\" srcset=\"https:\/\/x-ploregroup.com\/travelsandexpeditions\/wp-content\/uploads\/2025\/06\/468130666_10160312077427890_2363975408942051372_n.jpg 1620w, https:\/\/x-ploregroup.com\/travelsandexpeditions\/wp-content\/uploads\/2025\/06\/468130666_10160312077427890_2363975408942051372_n-600x400.jpg 600w, https:\/\/x-ploregroup.com\/travelsandexpeditions\/wp-content\/uploads\/2025\/06\/468130666_10160312077427890_2363975408942051372_n-585x390.jpg 585w, https:\/\/x-ploregroup.com\/travelsandexpeditions\/wp-content\/uploads\/2025\/06\/468130666_10160312077427890_2363975408942051372_n-768x512.jpg 768w, https:\/\/x-ploregroup.com\/travelsandexpeditions\/wp-content\/uploads\/2025\/06\/468130666_10160312077427890_2363975408942051372_n-1536x1024.jpg 1536w, https:\/\/x-ploregroup.com\/travelsandexpeditions\/wp-content\/uploads\/2025\/06\/468130666_10160312077427890_2363975408942051372_n-332x221.jpg 332w, https:\/\/x-ploregroup.com\/travelsandexpeditions\/wp-content\/uploads\/2025\/06\/468130666_10160312077427890_2363975408942051372_n-220x147.jpg 220w\" sizes=\"(max-width: 1620px) 100vw, 1620px\" \/><\/a>\n\t\t\t<\/div><\/figure><figure class='gallery-item'>\n\t\t\t<div class='gallery-icon landscape'>\n\t\t\t\t<a data-elementor-open-lightbox=\"yes\" data-elementor-lightbox-slideshow=\"38c9cb9\" data-elementor-lightbox-title=\"467993899_10160312077407890_5488431294377489102_n\" data-e-action-hash=\"#elementor-action%3Aaction%3Dlightbox%26settings%3DeyJpZCI6NzQ1MCwidXJsIjoiaHR0cHM6XC9cL3gtcGxvcmVncm91cC5jb21cL3RyYXZlbHNhbmRleHBlZGl0aW9uc1wvd3AtY29udGVudFwvdXBsb2Fkc1wvMjAyNVwvMDZcLzQ2Nzk5Mzg5OV8xMDE2MDMxMjA3NzQwNzg5MF81NDg4NDMxMjk0Mzc3NDg5MTAyX24uanBnIiwic2xpZGVzaG93IjoiMzhjOWNiOSJ9\" href='https:\/\/x-ploregroup.com\/travelsandexpeditions\/wp-content\/uploads\/2025\/06\/467993899_10160312077407890_5488431294377489102_n.jpg'><img loading=\"lazy\" decoding=\"async\" width=\"1620\" height=\"1080\" src=\"https:\/\/x-ploregroup.com\/travelsandexpeditions\/wp-content\/uploads\/2025\/06\/467993899_10160312077407890_5488431294377489102_n.jpg\" class=\"attachment-full size-full\" alt=\"\" srcset=\"https:\/\/x-ploregroup.com\/travelsandexpeditions\/wp-content\/uploads\/2025\/06\/467993899_10160312077407890_5488431294377489102_n.jpg 1620w, https:\/\/x-ploregroup.com\/travelsandexpeditions\/wp-content\/uploads\/2025\/06\/467993899_10160312077407890_5488431294377489102_n-600x400.jpg 600w, https:\/\/x-ploregroup.com\/travelsandexpeditions\/wp-content\/uploads\/2025\/06\/467993899_10160312077407890_5488431294377489102_n-585x390.jpg 585w, https:\/\/x-ploregroup.com\/travelsandexpeditions\/wp-content\/uploads\/2025\/06\/467993899_10160312077407890_5488431294377489102_n-768x512.jpg 768w, https:\/\/x-ploregroup.com\/travelsandexpeditions\/wp-content\/uploads\/2025\/06\/467993899_10160312077407890_5488431294377489102_n-1536x1024.jpg 1536w, https:\/\/x-ploregroup.com\/travelsandexpeditions\/wp-content\/uploads\/2025\/06\/467993899_10160312077407890_5488431294377489102_n-332x221.jpg 332w, https:\/\/x-ploregroup.com\/travelsandexpeditions\/wp-content\/uploads\/2025\/06\/467993899_10160312077407890_5488431294377489102_n-220x147.jpg 220w\" sizes=\"(max-width: 1620px) 100vw, 1620px\" \/><\/a>\n\t\t\t<\/div><\/figure>\n\t\t<\/div>\n\t\t<\/div>\n\t\t\t\t\t\t<\/div>\n\t\t\t\t<\/div>\n\t\t\t\t\t<\/div>\n\t\t<\/div>\n\t\t\t\t\t<\/div>\n\t\t<\/section>\n\t\t\t\t<\/div>\n\t\t","protected":false},"excerpt":{"rendered":"<p>Programa multiactividad de diecis\u00e9is d\u00edas (m\u00e1s dos d\u00edas de viaje) que<br \/>\ndesarrollaremos en un territorio cuyo s\u00f3lo nombre evoca aventura, Yuk\u00f3n.<br \/>\nUn territorio perteneciente a Canad\u00e1 al que da nombre el imponente r\u00edo que lo<br \/>\natraviesa. Una zona espectacular de aut\u00e9ntico ambiente y paisaje salvaje.<br \/>\nDescenderemos en canoa canadiense (canoa doble y triple) una secci\u00f3n de este<br \/>\nic\u00f3nico r\u00edo hasta la famosa localidad de Dawson City, capital de la fiebre del oro en<br \/>\nel Klondike durante el comienzo del siglo XIX y donde actualmente sigue habiendo<br \/>\nextracci\u00f3n de este preciado metal, aunque se han sustituido las panelas y la<br \/>\npaciencia por grandes y pesadas m\u00e1quinas que mueven toneladas de terreno<br \/>\ncada d\u00eda.<br \/>\nDedicaremos el d\u00eda de llegada y el posterior a familiarizarnos con nuestro \u201cnuevo<br \/>\nhorario\u201d aceptando el gran jet lag que arrastramos mientras hacemos las gestiones<br \/>\ny los preparativos previos a nuestro descenso.<br \/>\nVer las diferentes canoas que utilizaremos, c\u00f3mo cargarlas de forma adecuada y<br \/>\nel diferente equipo y materiales espec\u00edficos que utilizaremos.<br \/>\nNo olvidaremos un importante factor en este tipo de territorios y viajes, la vida<br \/>\nsalvaje, algo a lo que no hay que temer, pero si darle el respeto que merece y<br \/>\nnecesita.<br \/>\nDedicaremos el tiempo necesario para hablar sobre seguridad y c\u00f3mo actuar ante<br \/>\ndiferentes situaciones que puedan sobrevenir. El uso de sprays deterrentes antioso, aprenderemos el uso y manejo del rifle que portar\u00e1 nuestro gu\u00eda para<br \/>\nseguridad del grupo y algunos detalles y consejos a tener en cuenta en estos<br \/>\nterritorios.<br \/>\nRealizaremos las compras de \u00faltima hora y la preparaci\u00f3n final de nuestra traves\u00eda.<br \/>\nPor carretera nos trasladaremos hasta la localidad de Carmacks, en la orilla del r\u00edo<br \/>\nYukon y desde donde comenzaremos nuestro descenso.<\/p>\n","protected":false},"featured_media":7435,"comment_status":"open","ping_status":"closed","template":"","meta":[],"product_brand":[],"product_cat":[1069,1031],"product_tag":[],"class_list":{"0":"post-7434","1":"product","2":"type-product","3":"status-publish","4":"has-post-thumbnail","6":"product_cat-africa-es-viajes-a-medida-privado","7":"product_cat-viajes-a-medida-privado","9":"first","10":"instock","11":"sold-individually","12":"shipping-taxable","13":"purchasable","14":"product-type-simple"},"acf":[],"_links":{"self":[{"href":"https:\/\/x-ploregroup.com\/travelsandexpeditions\/wp-json\/wp\/v2\/product\/7434","targetHints":{"allow":["GET"]}}],"collection":[{"href":"https:\/\/x-ploregroup.com\/travelsandexpeditions\/wp-json\/wp\/v2\/product"}],"about":[{"href":"https:\/\/x-ploregroup.com\/travelsandexpeditions\/wp-json\/wp\/v2\/types\/product"}],"replies":[{"embeddable":true,"href":"https:\/\/x-ploregroup.com\/travelsandexpeditions\/wp-json\/wp\/v2\/comments?post=7434"}],"version-history":[{"count":7,"href":"https:\/\/x-ploregroup.com\/travelsandexpeditions\/wp-json\/wp\/v2\/product\/7434\/revisions"}],"predecessor-version":[{"id":7456,"href":"https:\/\/x-ploregroup.com\/travelsandexpeditions\/wp-json\/wp\/v2\/product\/7434\/revisions\/7456"}],"wp:featuredmedia":[{"embeddable":true,"href":"https:\/\/x-ploregroup.com\/travelsandexpeditions\/wp-json\/wp\/v2\/media\/7435"}],"wp:attachment":[{"href":"https:\/\/x-ploregroup.com\/travelsandexpeditions\/wp-json\/wp\/v2\/media?parent=7434"}],"wp:term":[{"taxonomy":"product_brand","embeddable":true,"href":"https:\/\/x-ploregroup.com\/travelsandexpeditions\/wp-json\/wp\/v2\/product_brand?post=7434"},{"taxonomy":"product_cat","embeddable":true,"href":"https:\/\/x-ploregroup.com\/travelsandexpeditions\/wp-json\/wp\/v2\/product_cat?post=7434"},{"taxonomy":"product_tag","embeddable":true,"href":"https:\/\/x-ploregroup.com\/travelsandexpeditions\/wp-json\/wp\/v2\/product_tag?post=7434"}],"curies":[{"name":"wp","href":"https:\/\/api.w.org\/{rel}","templated":true}]}}