{"id":8480,"date":"2025-07-14T08:55:31","date_gmt":"2025-07-14T08:55:31","guid":{"rendered":"https:\/\/x-ploregroup.com\/travelsandexpeditions\/?post_type=product&#038;p=8480"},"modified":"2025-07-14T09:07:41","modified_gmt":"2025-07-14T09:07:41","slug":"sudafrica-en-autocaravana","status":"publish","type":"product","link":"https:\/\/x-ploregroup.com\/travelsandexpeditions\/producto\/sudafrica-en-autocaravana\/","title":{"rendered":"SUD\u00c1FRICA EN AUTOCARAVANA"},"content":{"rendered":"\t\t<div data-elementor-type=\"wp-post\" data-elementor-id=\"8480\" class=\"elementor elementor-8480\">\n\t\t\t\t\t\t<section class=\"elementor-section elementor-top-section elementor-element elementor-element-ec12419 elementor-section-boxed elementor-section-height-default elementor-section-height-default\" data-id=\"ec12419\" data-element_type=\"section\">\n\t\t\t\t\t\t<div class=\"elementor-container elementor-column-gap-default\">\n\t\t\t\t\t<div class=\"elementor-column elementor-col-100 elementor-top-column elementor-element elementor-element-9ab89f1\" data-id=\"9ab89f1\" data-element_type=\"column\">\n\t\t\t<div class=\"elementor-widget-wrap elementor-element-populated\">\n\t\t\t\t\t\t<div class=\"elementor-element elementor-element-f3d2869 elementor-widget elementor-widget-heading\" data-id=\"f3d2869\" data-element_type=\"widget\" data-widget_type=\"heading.default\">\n\t\t\t\t<div class=\"elementor-widget-container\">\n\t\t\t\t\t<h3 class=\"elementor-heading-title elementor-size-default\">SUD\u00c1FRICA EN AUTOCARAVANA<\/h3>\t\t\t\t<\/div>\n\t\t\t\t<\/div>\n\t\t\t\t\t<\/div>\n\t\t<\/div>\n\t\t\t\t\t<\/div>\n\t\t<\/section>\n\t\t\t\t<section class=\"elementor-section elementor-top-section elementor-element elementor-element-a51d182 elementor-section-boxed elementor-section-height-default elementor-section-height-default\" data-id=\"a51d182\" data-element_type=\"section\">\n\t\t\t\t\t\t<div class=\"elementor-container elementor-column-gap-default\">\n\t\t\t\t\t<div class=\"elementor-column elementor-col-100 elementor-top-column elementor-element elementor-element-c41c432\" data-id=\"c41c432\" data-element_type=\"column\">\n\t\t\t<div class=\"elementor-widget-wrap elementor-element-populated\">\n\t\t\t\t\t\t<div class=\"elementor-element elementor-element-cb76576 elementor-widget elementor-widget-text-editor\" data-id=\"cb76576\" data-element_type=\"widget\" data-widget_type=\"text-editor.default\">\n\t\t\t\t<div class=\"elementor-widget-container\">\n\t\t\t\t\t\t\t\t\t<p><span style=\"color: #000000;\"><b>Sud\u00e1frica, uno de los pa\u00edses m\u00e1s diversos del continente africano es el lugar ideal para una aventura en autocaravana. Con la mejor red de carreteras de \u00c1frica, podr\u00e1s descubrir los espectaculares paisajes de la Ruta Jard\u00edn, ir en busca de ballenas en Hermanus, recorrer las imponentes dunas de la costa sur y finalmente acabar con un safari por el Parque Nacional Kruger, hogar de los 5 grandes y uno de los mejores lugares para ver fauna salvaje.\u00a0<\/b><\/span><b style=\"color: #000000;\">Una manera fant\u00e1stica de descubrir \u00c1frica a tu aire con el asesoramiento de X-plore.<\/b><\/p>\t\t\t\t\t\t\t\t<\/div>\n\t\t\t\t<\/div>\n\t\t\t\t\t<\/div>\n\t\t<\/div>\n\t\t\t\t\t<\/div>\n\t\t<\/section>\n\t\t\t\t<section class=\"elementor-section elementor-top-section elementor-element elementor-element-e09d162 elementor-section-boxed elementor-section-height-default elementor-section-height-default\" data-id=\"e09d162\" data-element_type=\"section\">\n\t\t\t\t\t\t<div class=\"elementor-container elementor-column-gap-default\">\n\t\t\t\t\t<div class=\"elementor-column elementor-col-100 elementor-top-column elementor-element elementor-element-6aff5a8\" data-id=\"6aff5a8\" data-element_type=\"column\">\n\t\t\t<div class=\"elementor-widget-wrap elementor-element-populated\">\n\t\t\t\t\t\t<div class=\"elementor-element elementor-element-38c9cb9 elementor-widget elementor-widget-image-gallery\" data-id=\"38c9cb9\" data-element_type=\"widget\" data-widget_type=\"image-gallery.default\">\n\t\t\t\t<div class=\"elementor-widget-container\">\n\t\t\t\t\t\t\t<div class=\"elementor-image-gallery\">\n\t\t\t<div id='gallery-1' class='gallery galleryid-8480 gallery-columns-3 gallery-size-full'><figure class='gallery-item'>\n\t\t\t<div class='gallery-icon landscape'>\n\t\t\t\t<a data-elementor-open-lightbox=\"yes\" data-elementor-lightbox-slideshow=\"38c9cb9\" data-elementor-lightbox-title=\"Sud\u00e1frica (1 de 1)-5\" data-e-action-hash=\"#elementor-action%3Aaction%3Dlightbox%26settings%3DeyJpZCI6ODQ4NCwidXJsIjoiaHR0cHM6XC9cL3gtcGxvcmVncm91cC5jb21cL3RyYXZlbHNhbmRleHBlZGl0aW9uc1wvd3AtY29udGVudFwvdXBsb2Fkc1wvMjAyNVwvMDdcL1N1ZGFmcmljYS0xLWRlLTEtNS1zY2FsZWQuanBnIiwic2xpZGVzaG93IjoiMzhjOWNiOSJ9\" href='https:\/\/x-ploregroup.com\/travelsandexpeditions\/wp-content\/uploads\/2025\/07\/Sudafrica-1-de-1-5-scaled.jpg'><img fetchpriority=\"high\" decoding=\"async\" width=\"2560\" height=\"1726\" src=\"https:\/\/x-ploregroup.com\/travelsandexpeditions\/wp-content\/uploads\/2025\/07\/Sudafrica-1-de-1-5-scaled.jpg\" class=\"attachment-full size-full\" alt=\"\" srcset=\"https:\/\/x-ploregroup.com\/travelsandexpeditions\/wp-content\/uploads\/2025\/07\/Sudafrica-1-de-1-5-scaled.jpg 2560w, https:\/\/x-ploregroup.com\/travelsandexpeditions\/wp-content\/uploads\/2025\/07\/Sudafrica-1-de-1-5-593x400.jpg 593w, https:\/\/x-ploregroup.com\/travelsandexpeditions\/wp-content\/uploads\/2025\/07\/Sudafrica-1-de-1-5-578x390.jpg 578w, https:\/\/x-ploregroup.com\/travelsandexpeditions\/wp-content\/uploads\/2025\/07\/Sudafrica-1-de-1-5-768x518.jpg 768w, https:\/\/x-ploregroup.com\/travelsandexpeditions\/wp-content\/uploads\/2025\/07\/Sudafrica-1-de-1-5-1536x1036.jpg 1536w, https:\/\/x-ploregroup.com\/travelsandexpeditions\/wp-content\/uploads\/2025\/07\/Sudafrica-1-de-1-5-2048x1381.jpg 2048w, https:\/\/x-ploregroup.com\/travelsandexpeditions\/wp-content\/uploads\/2025\/07\/Sudafrica-1-de-1-5-220x147.jpg 220w, https:\/\/x-ploregroup.com\/travelsandexpeditions\/wp-content\/uploads\/2025\/07\/Sudafrica-1-de-1-5-332x224.jpg 332w\" sizes=\"(max-width: 2560px) 100vw, 2560px\" \/><\/a>\n\t\t\t<\/div><\/figure><figure class='gallery-item'>\n\t\t\t<div class='gallery-icon landscape'>\n\t\t\t\t<a data-elementor-open-lightbox=\"yes\" data-elementor-lightbox-slideshow=\"38c9cb9\" data-elementor-lightbox-title=\"Sud\u00e1frica (1 de 1)-6\" data-e-action-hash=\"#elementor-action%3Aaction%3Dlightbox%26settings%3DeyJpZCI6ODQ4NSwidXJsIjoiaHR0cHM6XC9cL3gtcGxvcmVncm91cC5jb21cL3RyYXZlbHNhbmRleHBlZGl0aW9uc1wvd3AtY29udGVudFwvdXBsb2Fkc1wvMjAyNVwvMDdcL1N1ZGFmcmljYS0xLWRlLTEtNi1zY2FsZWQuanBnIiwic2xpZGVzaG93IjoiMzhjOWNiOSJ9\" href='https:\/\/x-ploregroup.com\/travelsandexpeditions\/wp-content\/uploads\/2025\/07\/Sudafrica-1-de-1-6-scaled.jpg'><img decoding=\"async\" width=\"2560\" height=\"1686\" src=\"https:\/\/x-ploregroup.com\/travelsandexpeditions\/wp-content\/uploads\/2025\/07\/Sudafrica-1-de-1-6-scaled.jpg\" class=\"attachment-full size-full\" alt=\"\" srcset=\"https:\/\/x-ploregroup.com\/travelsandexpeditions\/wp-content\/uploads\/2025\/07\/Sudafrica-1-de-1-6-scaled.jpg 2560w, https:\/\/x-ploregroup.com\/travelsandexpeditions\/wp-content\/uploads\/2025\/07\/Sudafrica-1-de-1-6-607x400.jpg 607w, https:\/\/x-ploregroup.com\/travelsandexpeditions\/wp-content\/uploads\/2025\/07\/Sudafrica-1-de-1-6-592x390.jpg 592w, https:\/\/x-ploregroup.com\/travelsandexpeditions\/wp-content\/uploads\/2025\/07\/Sudafrica-1-de-1-6-768x506.jpg 768w, https:\/\/x-ploregroup.com\/travelsandexpeditions\/wp-content\/uploads\/2025\/07\/Sudafrica-1-de-1-6-1536x1012.jpg 1536w, https:\/\/x-ploregroup.com\/travelsandexpeditions\/wp-content\/uploads\/2025\/07\/Sudafrica-1-de-1-6-2048x1349.jpg 2048w, https:\/\/x-ploregroup.com\/travelsandexpeditions\/wp-content\/uploads\/2025\/07\/Sudafrica-1-de-1-6-332x219.jpg 332w\" sizes=\"(max-width: 2560px) 100vw, 2560px\" \/><\/a>\n\t\t\t<\/div><\/figure><figure class='gallery-item'>\n\t\t\t<div class='gallery-icon landscape'>\n\t\t\t\t<a data-elementor-open-lightbox=\"yes\" data-elementor-lightbox-slideshow=\"38c9cb9\" data-elementor-lightbox-title=\"Sud\u00e1frica (1 de 1)-8 - copia\" data-e-action-hash=\"#elementor-action%3Aaction%3Dlightbox%26settings%3DeyJpZCI6ODQ4NiwidXJsIjoiaHR0cHM6XC9cL3gtcGxvcmVncm91cC5jb21cL3RyYXZlbHNhbmRleHBlZGl0aW9uc1wvd3AtY29udGVudFwvdXBsb2Fkc1wvMjAyNVwvMDdcL1N1ZGFmcmljYS0xLWRlLTEtOC1jb3BpYS1zY2FsZWQuanBnIiwic2xpZGVzaG93IjoiMzhjOWNiOSJ9\" href='https:\/\/x-ploregroup.com\/travelsandexpeditions\/wp-content\/uploads\/2025\/07\/Sudafrica-1-de-1-8-copia-scaled.jpg'><img decoding=\"async\" width=\"2560\" height=\"1722\" src=\"https:\/\/x-ploregroup.com\/travelsandexpeditions\/wp-content\/uploads\/2025\/07\/Sudafrica-1-de-1-8-copia-scaled.jpg\" class=\"attachment-full size-full\" alt=\"\" srcset=\"https:\/\/x-ploregroup.com\/travelsandexpeditions\/wp-content\/uploads\/2025\/07\/Sudafrica-1-de-1-8-copia-scaled.jpg 2560w, https:\/\/x-ploregroup.com\/travelsandexpeditions\/wp-content\/uploads\/2025\/07\/Sudafrica-1-de-1-8-copia-595x400.jpg 595w, https:\/\/x-ploregroup.com\/travelsandexpeditions\/wp-content\/uploads\/2025\/07\/Sudafrica-1-de-1-8-copia-580x390.jpg 580w, https:\/\/x-ploregroup.com\/travelsandexpeditions\/wp-content\/uploads\/2025\/07\/Sudafrica-1-de-1-8-copia-768x517.jpg 768w, https:\/\/x-ploregroup.com\/travelsandexpeditions\/wp-content\/uploads\/2025\/07\/Sudafrica-1-de-1-8-copia-1536x1033.jpg 1536w, https:\/\/x-ploregroup.com\/travelsandexpeditions\/wp-content\/uploads\/2025\/07\/Sudafrica-1-de-1-8-copia-2048x1377.jpg 2048w, https:\/\/x-ploregroup.com\/travelsandexpeditions\/wp-content\/uploads\/2025\/07\/Sudafrica-1-de-1-8-copia-220x147.jpg 220w, https:\/\/x-ploregroup.com\/travelsandexpeditions\/wp-content\/uploads\/2025\/07\/Sudafrica-1-de-1-8-copia-332x223.jpg 332w\" sizes=\"(max-width: 2560px) 100vw, 2560px\" \/><\/a>\n\t\t\t<\/div><\/figure><figure class='gallery-item'>\n\t\t\t<div class='gallery-icon landscape'>\n\t\t\t\t<a data-elementor-open-lightbox=\"yes\" data-elementor-lightbox-slideshow=\"38c9cb9\" data-elementor-lightbox-title=\"Sud\u00e1frica (1 de 1)-11\" data-e-action-hash=\"#elementor-action%3Aaction%3Dlightbox%26settings%3DeyJpZCI6ODQ4NywidXJsIjoiaHR0cHM6XC9cL3gtcGxvcmVncm91cC5jb21cL3RyYXZlbHNhbmRleHBlZGl0aW9uc1wvd3AtY29udGVudFwvdXBsb2Fkc1wvMjAyNVwvMDdcL1N1ZGFmcmljYS0xLWRlLTEtMTEtc2NhbGVkLmpwZyIsInNsaWRlc2hvdyI6IjM4YzljYjkifQ%3D%3D\" href='https:\/\/x-ploregroup.com\/travelsandexpeditions\/wp-content\/uploads\/2025\/07\/Sudafrica-1-de-1-11-scaled.jpg'><img loading=\"lazy\" decoding=\"async\" width=\"2560\" height=\"1747\" src=\"https:\/\/x-ploregroup.com\/travelsandexpeditions\/wp-content\/uploads\/2025\/07\/Sudafrica-1-de-1-11-scaled.jpg\" class=\"attachment-full size-full\" alt=\"\" srcset=\"https:\/\/x-ploregroup.com\/travelsandexpeditions\/wp-content\/uploads\/2025\/07\/Sudafrica-1-de-1-11-scaled.jpg 2560w, https:\/\/x-ploregroup.com\/travelsandexpeditions\/wp-content\/uploads\/2025\/07\/Sudafrica-1-de-1-11-586x400.jpg 586w, https:\/\/x-ploregroup.com\/travelsandexpeditions\/wp-content\/uploads\/2025\/07\/Sudafrica-1-de-1-11-572x390.jpg 572w, https:\/\/x-ploregroup.com\/travelsandexpeditions\/wp-content\/uploads\/2025\/07\/Sudafrica-1-de-1-11-768x524.jpg 768w, https:\/\/x-ploregroup.com\/travelsandexpeditions\/wp-content\/uploads\/2025\/07\/Sudafrica-1-de-1-11-1536x1048.jpg 1536w, https:\/\/x-ploregroup.com\/travelsandexpeditions\/wp-content\/uploads\/2025\/07\/Sudafrica-1-de-1-11-2048x1398.jpg 2048w, https:\/\/x-ploregroup.com\/travelsandexpeditions\/wp-content\/uploads\/2025\/07\/Sudafrica-1-de-1-11-332x227.jpg 332w\" sizes=\"(max-width: 2560px) 100vw, 2560px\" \/><\/a>\n\t\t\t<\/div><\/figure><figure class='gallery-item'>\n\t\t\t<div class='gallery-icon landscape'>\n\t\t\t\t<a data-elementor-open-lightbox=\"yes\" data-elementor-lightbox-slideshow=\"38c9cb9\" data-elementor-lightbox-title=\"Sud\u00e1frica (1 de 1)-13\" data-e-action-hash=\"#elementor-action%3Aaction%3Dlightbox%26settings%3DeyJpZCI6ODQ4OCwidXJsIjoiaHR0cHM6XC9cL3gtcGxvcmVncm91cC5jb21cL3RyYXZlbHNhbmRleHBlZGl0aW9uc1wvd3AtY29udGVudFwvdXBsb2Fkc1wvMjAyNVwvMDdcL1N1ZGFmcmljYS0xLWRlLTEtMTMtMS1zY2FsZWQuanBnIiwic2xpZGVzaG93IjoiMzhjOWNiOSJ9\" href='https:\/\/x-ploregroup.com\/travelsandexpeditions\/wp-content\/uploads\/2025\/07\/Sudafrica-1-de-1-13-1-scaled.jpg'><img loading=\"lazy\" decoding=\"async\" width=\"2560\" height=\"1804\" src=\"https:\/\/x-ploregroup.com\/travelsandexpeditions\/wp-content\/uploads\/2025\/07\/Sudafrica-1-de-1-13-1-scaled.jpg\" class=\"attachment-full size-full\" alt=\"\" srcset=\"https:\/\/x-ploregroup.com\/travelsandexpeditions\/wp-content\/uploads\/2025\/07\/Sudafrica-1-de-1-13-1-scaled.jpg 2560w, https:\/\/x-ploregroup.com\/travelsandexpeditions\/wp-content\/uploads\/2025\/07\/Sudafrica-1-de-1-13-1-567x400.jpg 567w, https:\/\/x-ploregroup.com\/travelsandexpeditions\/wp-content\/uploads\/2025\/07\/Sudafrica-1-de-1-13-1-553x390.jpg 553w, https:\/\/x-ploregroup.com\/travelsandexpeditions\/wp-content\/uploads\/2025\/07\/Sudafrica-1-de-1-13-1-768x541.jpg 768w, https:\/\/x-ploregroup.com\/travelsandexpeditions\/wp-content\/uploads\/2025\/07\/Sudafrica-1-de-1-13-1-1536x1083.jpg 1536w, https:\/\/x-ploregroup.com\/travelsandexpeditions\/wp-content\/uploads\/2025\/07\/Sudafrica-1-de-1-13-1-2048x1444.jpg 2048w, https:\/\/x-ploregroup.com\/travelsandexpeditions\/wp-content\/uploads\/2025\/07\/Sudafrica-1-de-1-13-1-332x234.jpg 332w\" sizes=\"(max-width: 2560px) 100vw, 2560px\" \/><\/a>\n\t\t\t<\/div><\/figure><figure class='gallery-item'>\n\t\t\t<div class='gallery-icon landscape'>\n\t\t\t\t<a data-elementor-open-lightbox=\"yes\" data-elementor-lightbox-slideshow=\"38c9cb9\" data-elementor-lightbox-title=\"Sud\u00e1frica (1 de 1)-16\" data-e-action-hash=\"#elementor-action%3Aaction%3Dlightbox%26settings%3DeyJpZCI6ODQ4OSwidXJsIjoiaHR0cHM6XC9cL3gtcGxvcmVncm91cC5jb21cL3RyYXZlbHNhbmRleHBlZGl0aW9uc1wvd3AtY29udGVudFwvdXBsb2Fkc1wvMjAyNVwvMDdcL1N1ZGFmcmljYS0xLWRlLTEtMTYtc2NhbGVkLmpwZyIsInNsaWRlc2hvdyI6IjM4YzljYjkifQ%3D%3D\" href='https:\/\/x-ploregroup.com\/travelsandexpeditions\/wp-content\/uploads\/2025\/07\/Sudafrica-1-de-1-16-scaled.jpg'><img loading=\"lazy\" decoding=\"async\" width=\"2560\" height=\"1601\" src=\"https:\/\/x-ploregroup.com\/travelsandexpeditions\/wp-content\/uploads\/2025\/07\/Sudafrica-1-de-1-16-scaled.jpg\" class=\"attachment-full size-full\" alt=\"\" srcset=\"https:\/\/x-ploregroup.com\/travelsandexpeditions\/wp-content\/uploads\/2025\/07\/Sudafrica-1-de-1-16-scaled.jpg 2560w, https:\/\/x-ploregroup.com\/travelsandexpeditions\/wp-content\/uploads\/2025\/07\/Sudafrica-1-de-1-16-640x400.jpg 640w, https:\/\/x-ploregroup.com\/travelsandexpeditions\/wp-content\/uploads\/2025\/07\/Sudafrica-1-de-1-16-624x390.jpg 624w, https:\/\/x-ploregroup.com\/travelsandexpeditions\/wp-content\/uploads\/2025\/07\/Sudafrica-1-de-1-16-768x480.jpg 768w, https:\/\/x-ploregroup.com\/travelsandexpeditions\/wp-content\/uploads\/2025\/07\/Sudafrica-1-de-1-16-1536x961.jpg 1536w, https:\/\/x-ploregroup.com\/travelsandexpeditions\/wp-content\/uploads\/2025\/07\/Sudafrica-1-de-1-16-2048x1281.jpg 2048w, https:\/\/x-ploregroup.com\/travelsandexpeditions\/wp-content\/uploads\/2025\/07\/Sudafrica-1-de-1-16-332x208.jpg 332w\" sizes=\"(max-width: 2560px) 100vw, 2560px\" \/><\/a>\n\t\t\t<\/div><\/figure><figure class='gallery-item'>\n\t\t\t<div class='gallery-icon landscape'>\n\t\t\t\t<a data-elementor-open-lightbox=\"yes\" data-elementor-lightbox-slideshow=\"38c9cb9\" data-elementor-lightbox-title=\"Sud\u00e1frica (1 de 1)-24\" data-e-action-hash=\"#elementor-action%3Aaction%3Dlightbox%26settings%3DeyJpZCI6ODQ5MCwidXJsIjoiaHR0cHM6XC9cL3gtcGxvcmVncm91cC5jb21cL3RyYXZlbHNhbmRleHBlZGl0aW9uc1wvd3AtY29udGVudFwvdXBsb2Fkc1wvMjAyNVwvMDdcL1N1ZGFmcmljYS0xLWRlLTEtMjQtc2NhbGVkLmpwZyIsInNsaWRlc2hvdyI6IjM4YzljYjkifQ%3D%3D\" href='https:\/\/x-ploregroup.com\/travelsandexpeditions\/wp-content\/uploads\/2025\/07\/Sudafrica-1-de-1-24-scaled.jpg'><img loading=\"lazy\" decoding=\"async\" width=\"2560\" height=\"1879\" src=\"https:\/\/x-ploregroup.com\/travelsandexpeditions\/wp-content\/uploads\/2025\/07\/Sudafrica-1-de-1-24-scaled.jpg\" class=\"attachment-full size-full\" alt=\"\" srcset=\"https:\/\/x-ploregroup.com\/travelsandexpeditions\/wp-content\/uploads\/2025\/07\/Sudafrica-1-de-1-24-scaled.jpg 2560w, https:\/\/x-ploregroup.com\/travelsandexpeditions\/wp-content\/uploads\/2025\/07\/Sudafrica-1-de-1-24-545x400.jpg 545w, https:\/\/x-ploregroup.com\/travelsandexpeditions\/wp-content\/uploads\/2025\/07\/Sudafrica-1-de-1-24-531x390.jpg 531w, https:\/\/x-ploregroup.com\/travelsandexpeditions\/wp-content\/uploads\/2025\/07\/Sudafrica-1-de-1-24-768x564.jpg 768w, https:\/\/x-ploregroup.com\/travelsandexpeditions\/wp-content\/uploads\/2025\/07\/Sudafrica-1-de-1-24-1536x1128.jpg 1536w, https:\/\/x-ploregroup.com\/travelsandexpeditions\/wp-content\/uploads\/2025\/07\/Sudafrica-1-de-1-24-2048x1504.jpg 2048w, https:\/\/x-ploregroup.com\/travelsandexpeditions\/wp-content\/uploads\/2025\/07\/Sudafrica-1-de-1-24-332x244.jpg 332w\" sizes=\"(max-width: 2560px) 100vw, 2560px\" \/><\/a>\n\t\t\t<\/div><\/figure><figure class='gallery-item'>\n\t\t\t<div class='gallery-icon landscape'>\n\t\t\t\t<a data-elementor-open-lightbox=\"yes\" data-elementor-lightbox-slideshow=\"38c9cb9\" data-elementor-lightbox-title=\"Sud\u00e1frica (1 de 1)-26\" data-e-action-hash=\"#elementor-action%3Aaction%3Dlightbox%26settings%3DeyJpZCI6ODQ5MSwidXJsIjoiaHR0cHM6XC9cL3gtcGxvcmVncm91cC5jb21cL3RyYXZlbHNhbmRleHBlZGl0aW9uc1wvd3AtY29udGVudFwvdXBsb2Fkc1wvMjAyNVwvMDdcL1N1ZGFmcmljYS0xLWRlLTEtMjYtc2NhbGVkLmpwZyIsInNsaWRlc2hvdyI6IjM4YzljYjkifQ%3D%3D\" href='https:\/\/x-ploregroup.com\/travelsandexpeditions\/wp-content\/uploads\/2025\/07\/Sudafrica-1-de-1-26-scaled.jpg'><img loading=\"lazy\" decoding=\"async\" width=\"2560\" height=\"1696\" src=\"https:\/\/x-ploregroup.com\/travelsandexpeditions\/wp-content\/uploads\/2025\/07\/Sudafrica-1-de-1-26-scaled.jpg\" class=\"attachment-full size-full\" alt=\"\" srcset=\"https:\/\/x-ploregroup.com\/travelsandexpeditions\/wp-content\/uploads\/2025\/07\/Sudafrica-1-de-1-26-scaled.jpg 2560w, https:\/\/x-ploregroup.com\/travelsandexpeditions\/wp-content\/uploads\/2025\/07\/Sudafrica-1-de-1-26-604x400.jpg 604w, https:\/\/x-ploregroup.com\/travelsandexpeditions\/wp-content\/uploads\/2025\/07\/Sudafrica-1-de-1-26-589x390.jpg 589w, https:\/\/x-ploregroup.com\/travelsandexpeditions\/wp-content\/uploads\/2025\/07\/Sudafrica-1-de-1-26-768x509.jpg 768w, https:\/\/x-ploregroup.com\/travelsandexpeditions\/wp-content\/uploads\/2025\/07\/Sudafrica-1-de-1-26-1536x1018.jpg 1536w, https:\/\/x-ploregroup.com\/travelsandexpeditions\/wp-content\/uploads\/2025\/07\/Sudafrica-1-de-1-26-2048x1357.jpg 2048w, https:\/\/x-ploregroup.com\/travelsandexpeditions\/wp-content\/uploads\/2025\/07\/Sudafrica-1-de-1-26-332x220.jpg 332w, https:\/\/x-ploregroup.com\/travelsandexpeditions\/wp-content\/uploads\/2025\/07\/Sudafrica-1-de-1-26-220x147.jpg 220w\" sizes=\"(max-width: 2560px) 100vw, 2560px\" \/><\/a>\n\t\t\t<\/div><\/figure><figure class='gallery-item'>\n\t\t\t<div class='gallery-icon landscape'>\n\t\t\t\t<a data-elementor-open-lightbox=\"yes\" data-elementor-lightbox-slideshow=\"38c9cb9\" data-elementor-lightbox-title=\"Sud\u00e1frica (1 de 1)-29\" data-e-action-hash=\"#elementor-action%3Aaction%3Dlightbox%26settings%3DeyJpZCI6ODQ5MiwidXJsIjoiaHR0cHM6XC9cL3gtcGxvcmVncm91cC5jb21cL3RyYXZlbHNhbmRleHBlZGl0aW9uc1wvd3AtY29udGVudFwvdXBsb2Fkc1wvMjAyNVwvMDdcL1N1ZGFmcmljYS0xLWRlLTEtMjktc2NhbGVkLmpwZyIsInNsaWRlc2hvdyI6IjM4YzljYjkifQ%3D%3D\" href='https:\/\/x-ploregroup.com\/travelsandexpeditions\/wp-content\/uploads\/2025\/07\/Sudafrica-1-de-1-29-scaled.jpg'><img loading=\"lazy\" decoding=\"async\" width=\"2560\" height=\"1817\" src=\"https:\/\/x-ploregroup.com\/travelsandexpeditions\/wp-content\/uploads\/2025\/07\/Sudafrica-1-de-1-29-scaled.jpg\" class=\"attachment-full size-full\" alt=\"\" srcset=\"https:\/\/x-ploregroup.com\/travelsandexpeditions\/wp-content\/uploads\/2025\/07\/Sudafrica-1-de-1-29-scaled.jpg 2560w, https:\/\/x-ploregroup.com\/travelsandexpeditions\/wp-content\/uploads\/2025\/07\/Sudafrica-1-de-1-29-564x400.jpg 564w, https:\/\/x-ploregroup.com\/travelsandexpeditions\/wp-content\/uploads\/2025\/07\/Sudafrica-1-de-1-29-550x390.jpg 550w, https:\/\/x-ploregroup.com\/travelsandexpeditions\/wp-content\/uploads\/2025\/07\/Sudafrica-1-de-1-29-768x545.jpg 768w, https:\/\/x-ploregroup.com\/travelsandexpeditions\/wp-content\/uploads\/2025\/07\/Sudafrica-1-de-1-29-1536x1090.jpg 1536w, https:\/\/x-ploregroup.com\/travelsandexpeditions\/wp-content\/uploads\/2025\/07\/Sudafrica-1-de-1-29-2048x1453.jpg 2048w, https:\/\/x-ploregroup.com\/travelsandexpeditions\/wp-content\/uploads\/2025\/07\/Sudafrica-1-de-1-29-332x236.jpg 332w\" sizes=\"(max-width: 2560px) 100vw, 2560px\" \/><\/a>\n\t\t\t<\/div><\/figure>\n\t\t<\/div>\n\t\t<\/div>\n\t\t\t\t\t\t<\/div>\n\t\t\t\t<\/div>\n\t\t\t\t\t<\/div>\n\t\t<\/div>\n\t\t\t\t\t<\/div>\n\t\t<\/section>\n\t\t\t\t<\/div>\n\t\t","protected":false},"excerpt":{"rendered":"<p>Programa multiactividad de diecis\u00e9is d\u00edas (m\u00e1s dos d\u00edas de viaje) que<br \/>\ndesarrollaremos en un territorio cuyo s\u00f3lo nombre evoca aventura, Yuk\u00f3n.<br \/>\nUn territorio perteneciente a Canad\u00e1 al que da nombre el imponente r\u00edo que lo<br \/>\natraviesa. Una zona espectacular de aut\u00e9ntico ambiente y paisaje salvaje.<br \/>\nDescenderemos en canoa canadiense (canoa doble y triple) una secci\u00f3n de este<br \/>\nic\u00f3nico r\u00edo hasta la famosa localidad de Dawson City, capital de la fiebre del oro en<br \/>\nel Klondike durante el comienzo del siglo XIX y donde actualmente sigue habiendo<br \/>\nextracci\u00f3n de este preciado metal, aunque se han sustituido las panelas y la<br \/>\npaciencia por grandes y pesadas m\u00e1quinas que mueven toneladas de terreno<br \/>\ncada d\u00eda.<br \/>\nDedicaremos el d\u00eda de llegada y el posterior a familiarizarnos con nuestro \u201cnuevo<br \/>\nhorario\u201d aceptando el gran jet lag que arrastramos mientras hacemos las gestiones<br \/>\ny los preparativos previos a nuestro descenso.<br \/>\nVer las diferentes canoas que utilizaremos, c\u00f3mo cargarlas de forma adecuada y<br \/>\nel diferente equipo y materiales espec\u00edficos que utilizaremos.<br \/>\nNo olvidaremos un importante factor en este tipo de territorios y viajes, la vida<br \/>\nsalvaje, algo a lo que no hay que temer, pero si darle el respeto que merece y<br \/>\nnecesita.<br \/>\nDedicaremos el tiempo necesario para hablar sobre seguridad y c\u00f3mo actuar ante<br \/>\ndiferentes situaciones que puedan sobrevenir. El uso de sprays deterrentes antioso, aprenderemos el uso y manejo del rifle que portar\u00e1 nuestro gu\u00eda para<br \/>\nseguridad del grupo y algunos detalles y consejos a tener en cuenta en estos<br \/>\nterritorios.<br \/>\nRealizaremos las compras de \u00faltima hora y la preparaci\u00f3n final de nuestra traves\u00eda.<br \/>\nPor carretera nos trasladaremos hasta la localidad de Carmacks, en la orilla del r\u00edo<br \/>\nYukon y desde donde comenzaremos nuestro descenso.<\/p>\n","protected":false},"featured_media":8481,"comment_status":"open","ping_status":"closed","template":"","meta":[],"product_brand":[],"product_cat":[1065,1029],"product_tag":[],"class_list":{"0":"post-8480","1":"product","2":"type-product","3":"status-publish","4":"has-post-thumbnail","6":"product_cat-africa","7":"product_cat-autocaravana","9":"first","10":"instock","11":"sold-individually","12":"shipping-taxable","13":"purchasable","14":"product-type-simple"},"acf":[],"_links":{"self":[{"href":"https:\/\/x-ploregroup.com\/travelsandexpeditions\/wp-json\/wp\/v2\/product\/8480","targetHints":{"allow":["GET"]}}],"collection":[{"href":"https:\/\/x-ploregroup.com\/travelsandexpeditions\/wp-json\/wp\/v2\/product"}],"about":[{"href":"https:\/\/x-ploregroup.com\/travelsandexpeditions\/wp-json\/wp\/v2\/types\/product"}],"replies":[{"embeddable":true,"href":"https:\/\/x-ploregroup.com\/travelsandexpeditions\/wp-json\/wp\/v2\/comments?post=8480"}],"version-history":[{"count":4,"href":"https:\/\/x-ploregroup.com\/travelsandexpeditions\/wp-json\/wp\/v2\/product\/8480\/revisions"}],"predecessor-version":[{"id":8495,"href":"https:\/\/x-ploregroup.com\/travelsandexpeditions\/wp-json\/wp\/v2\/product\/8480\/revisions\/8495"}],"wp:featuredmedia":[{"embeddable":true,"href":"https:\/\/x-ploregroup.com\/travelsandexpeditions\/wp-json\/wp\/v2\/media\/8481"}],"wp:attachment":[{"href":"https:\/\/x-ploregroup.com\/travelsandexpeditions\/wp-json\/wp\/v2\/media?parent=8480"}],"wp:term":[{"taxonomy":"product_brand","embeddable":true,"href":"https:\/\/x-ploregroup.com\/travelsandexpeditions\/wp-json\/wp\/v2\/product_brand?post=8480"},{"taxonomy":"product_cat","embeddable":true,"href":"https:\/\/x-ploregroup.com\/travelsandexpeditions\/wp-json\/wp\/v2\/product_cat?post=8480"},{"taxonomy":"product_tag","embeddable":true,"href":"https:\/\/x-ploregroup.com\/travelsandexpeditions\/wp-json\/wp\/v2\/product_tag?post=8480"}],"curies":[{"name":"wp","href":"https:\/\/api.w.org\/{rel}","templated":true}]}}